7
Suppose -3*q = -5*v + 30340 - 9520, -3*v = -q - 12492. What is the tens digit of v?
6
Let f = 6 + -4. Let d be (-8)/3*(-1 - 2). Suppose -f*u - d = -26. What is the units digit of u?
9
Suppose -38287 = -15*w + 8678. What is the units digit of w?
1
Let y(b) = -b**2 + 70*b - 62. What is the hundreds digit of y(40)?
1
Suppose 1 = -4*b + 13. Suppose -2*j + 9 = -j + b*x, -3*x = -3*j + 3. Let w(s) = 7*s + 7. What is the tens digit of w(j)?
2
Let u(d) = -8*d**2 + 11*d**2 - 4*d**2 - 5*d. Let j be u(-4). Suppose -32 = -h - j*c, -78 = -2*h - 0*h - c. What is the tens digit of h?
4
Suppose -l + 4*g + 30 = l, l = g + 10. Suppose -3*s + 0*s + 4*z = 76, l*s - 5*z = -120. Let m = s - -26. What is the units digit of m?
6
Let z(u) = -4*u**3 - 2*u**2 - 10*u - 3. What is the units digit of z(-6)?
9
Suppose -4*u + 2417 = 3*x, -79*x + 80*x + 4*u - 819 = 0. What is the units digit of x?
9
Suppose -3*y + 2*i = -3851, -4*i + 0*i = 4*y - 5148. What is the thousands digit of y?
1
Suppose 0 = -h + 2 + 3, 5846 = 3*q - 5*h. What is the hundreds digit of q?
9
Let h = -85 + 80. Suppose 20 + 20 = 5*r. What is the units digit of 10/(-4)*r/h?
4
Let l = -1292 - -2236. What is the tens digit of l?
4
Suppose 0 = -4*o - 10 - 22. Let p(v) = -2 - 3*v + 1 + 3 + 6. What is the tens digit of p(o)?
3
Let o = 1189 + -781. Suppose -i = -2*t + 405, -2*t - 5*i + o = -3*i. What is the hundreds digit of t?
2
Let m = 6943 + -4888. What is the units digit of m?
5
What is the hundreds digit of 0 - 116/((-5)/(-75)*-3)?
5
Suppose -76 = -8*c - 308. Let a = c + 60. What is the tens digit of a?
3
Let i(n) = 11*n - 18. Let j(r) = 10*r - 17. Let d(c) = -2*i(c) + 3*j(c). Let p be d(6). What is the tens digit of (12/(-9))/((-1)/p)?
4
Suppose -2*y - 2*r + 32 = -7*y, -3*r - 3 = y. What is the units digit of ((-8)/y)/(-1 - (-226)/222)?
4
Let c be (-10)/4*(-72)/12. Let y = c + -9. Suppose 7*o - 13 = y*o. What is the tens digit of o?
1
Let l(u) = 31*u - 1. Let p = 17 - 16. Let d be l(p). Let x = 31 - d. What is the units digit of x?
1
Let b(f) = -4*f**3 + 9*f**2 + f + 8. Let u(m) = -7*m**3 + 17*m**2 + m + 16. Let q(y) = -5*b(y) + 3*u(y). Let d be q(6). What is the units digit of (-12*2/d)/2?
3
Suppose -2*o + 30 = 3*o. Let w = o - 12. Let l(i) = i**3 + 7*i**2 + 5*i - 1. What is the units digit of l(w)?
5
Suppose -5*k = 4*d - 892, 5*k - 2*d - 910 = 3*d. Let z(m) = m**2 + 4*m - 8. Let x be z(-6). Suppose x*n - k = -68. What is the tens digit of n?
2
Let k(v) = -2*v + 12. Let s be k(6). Suppose s = -10*d + 7*d + 216. What is the tens digit of d?
7
Let u(k) = -163*k - 38. What is the tens digit of u(-6)?
4
Let n be 5 - ((-2)/(-5))/((-6)/(-15)). Let a(u) = 2*u**3 - 6*u**2 - 6. What is the tens digit of a(n)?
2
Let l = 13 + -44. Let o = l + 169. What is the tens digit of o?
3
Suppose 5*z - 10 + 30 = 0, 2*g + z - 2822 = 0. What is the units digit of g?
3
Let k(r) = r**3 + 24*r**2 - 16*r + 36. What is the units digit of k(-24)?
0
Let d = 0 - -5. Let t(o) = o**3 - 5*o**2 + 6*o + 6. What is the tens digit of t(d)?
3
Suppose c - 4 = -0. Suppose 3*f + 31 = 3*b - 2*f, 0 = c*b + 4*f - 84. What is the tens digit of b?
1
Suppose 48*l + 3*a = 49*l - 278, -3*l = a - 884. What is the units digit of l?
3
Suppose 15*p - 68484 = 8466. What is the units digit of p?
0
Let w(d) = 10*d. Let p be w(1). Let f(s) = -s**3 + 8*s**2 + 8*s + 6. Let t be f(p). What is the units digit of t/(-42) - (-4)/14?
3
Let h(v) = 10*v**2 + 21*v + 636. What is the hundreds digit of h(-19)?
8
Suppose -3*y = -272 - 394. Suppose -12 = z - 2*q - 60, 4*q = 5*z - y. What is the units digit of z?
2
What is the units digit of ((-362)/3)/((-15)/45)?
2
Let a = 13 + -21. Let u be 10*(2 + -6)/a. Suppose -u*j + r + 17 = -15, 3*j - r = 18. What is the units digit of j?
7
Let r(d) = -10*d + 5*d**2 - 6*d**2 - 2*d**2 + 7*d**2 + 15. Let m(j) = -5*j**2 + 11*j - 15. Let t(v) = 3*m(v) + 4*r(v). What is the units digit of t(12)?
5
Suppose -2*r - 183 = -5*r. Let o = 36 + r. What is the tens digit of o?
9
Let r = 34 - 46. Let w = r - -86. What is the tens digit of w?
7
Let o(h) = -3 - 6*h**2 + 3*h + 2*h + h**3 - 3*h. Let r be o(6). Suppose -9 - r = -l. What is the units digit of l?
8
Suppose -v = -5*v + 156. Suppose -5*o + 595 = 5*a, -2*o - a + v + 204 = 0. Let i = -84 + o. What is the units digit of i?
0
Suppose -4*p + 22804 = 5*r, -2375 = -r + 4*p + 2181. What is the units digit of r?
0
Let f = -22 - -15. What is the tens digit of 1*-33*(-14)/(-42)*f?
7
What is the tens digit of (-1 + 237/(-9) - 0)*-18?
9
What is the hundreds digit of -11*-4*62/8?
3
Let h be (-450 - 0)/(2/(-2)). Suppose -6*p + 246 = -h. What is the units digit of p?
6
Suppose 15*a - 43*a + 32144 = 0. What is the hundreds digit of a?
1
Let v = 49 - 22. Suppose v*s + 84 = 29*s. What is the units digit of s?
2
Let d = -3318 - -7154. What is the hundreds digit of d?
8
Let a be (-2)/8 - (-9)/4. Let l(k) = k**3 + 2*k - 1. Let t be l(a). What is the tens digit of (-1284)/(-44) - 2/t?
2
Let t be (20 - 2)*-1 + -3. What is the tens digit of (-6)/8 - t/12 - -166?
6
Let c(i) be the second derivative of i**4/12 - 4*i**3/3 + i**2/2 - 71*i. Suppose -25 = -3*q + r, 4*q + r - 47 = -q. What is the tens digit of c(q)?
1
Suppose 0 = -h - 3*s - 2*s + 49, -166 = -3*h + 4*s. What is the units digit of h/(-4)*(1 + -7 - -4)?
7
Let h(v) = -5 - 5*v**2 - 53 + 9*v**2. What is the hundreds digit of h(8)?
1
Let j be ((-12)/10)/((-3)/(-585)). Let u = -80 - j. What is the tens digit of u?
5
Suppose -5*i - 4*y + 28 = 0, -5*y = 2*i + 2*i - 26. Suppose -4*m - c - 15 = 0, -i*m - 21 = -m + 4*c. What is the tens digit of m - (-7)/1 - -32?
3
Let w(k) = 773*k**2 - k + 1. Let h be w(1). Suppose 1270 = 9*d - h. What is the tens digit of d?
2
Suppose 6 - 51 = -5*v. Let a = -7 + v. Suppose -q = 4*r + q - 6, -5*r = a*q - 7. What is the units digit of r?
1
Suppose 19291 = 22*f - 5899. What is the hundreds digit of f?
1
Suppose -18*m + 1813 + 2165 = 0. What is the tens digit of m?
2
Let z = 12 - 22. Let n be (1 - 0) + 12 + 2. What is the units digit of z/n*39/(-1)?
6
Let i(g) = g**2 - 17*g + 160. What is the units digit of i(36)?
4
Let y(s) = -s + 4. Let g be y(3). Let t(v) = 3*v**2 - 2*v + 1. Let r be t(g). Let c(w) = 9*w + 4. What is the tens digit of c(r)?
2
Suppose 4*q + 5*d = 751, 5 = -5*d - 20. What is the tens digit of q?
9
Suppose -348 = -4*v - 2*w, -4*v - w + 89 = -3*v. Suppose -5*l - v + 375 = 0. Suppose 190 = 4*d + l. What is the units digit of d?
3
Let s = -51 + 55. Suppose 5*m = -s*m + 927. What is the tens digit of m?
0
Suppose -5*t - 117 = -6*t - 2*w, 4 = 4*w. Let s = t - 33. What is the tens digit of s?
8
Suppose 0 = -2*m - b + 4424, 4*b = 5*m + 3*b - 11053. What is the hundreds digit of ((-10)/(-6))/(11/m)?
3
Let p = -26 + -48. Let v = p - -161. What is the units digit of (-4 - -5)/(3/v)?
9
Let m be (-3)/(-6)*3*2. Suppose -m*s + 118 = -2*l - 184, -8 = -4*l. What is the units digit of s?
2
Let r be 120/75 - 4/(-10). Suppose 0*t + t - r = 0. Suppose 0 = 2*z - 2*o - 112, -4*o + 199 = t*z + 75. What is the tens digit of z?
5
Suppose 3*w + 9 = 0, -3*c - 5*w + 57 = -2*w. Suppose -2*j + 7*b + 8 = 3*b, 0 = -3*j - b - 16. Let k = c - j. What is the tens digit of k?
2
Let x be (1 - 4/4)/3. Let u(o) = -o**2 + 10*o + 5. Let b be u(10). Suppose -a + b = -x*a. What is the units digit of a?
5
Suppose -5 = -d, -5*n + 1 = 4*d - 39. Suppose -11 = -n*x + 745. What is the hundreds digit of x?
1
Suppose -99 - 47 = -2*s. Let c = s + -24. What is the units digit of c?
9
Let m(h) = h**2 + 9*h - 14. Let k be m(-10). Let o(c) = -19*c - 3. What is the units digit of o(k)?
3
What is the hundreds digit of 5/5*(-9 - -5 - -626)?
6
Let y(f) = 3*f - 6. Let m be y(3). Suppose 3*s = 5*g + 121, s - m*s = g - 85. Suppose -z - 4*h - 104 = -6*z, 2*z - 2*h = s. What is the tens digit of z?
2
Let v(d) = -2*d + 14. Let y be v(7). Suppose -3*h - 4*g = 16 - 84, y = -3*g + 15. What is the tens digit of h?
1
Let f = 13 - 7. Suppose 5*s - 86 = -f. Let h = 33 - s. What is the units digit of h?
7
Suppose 27 - 81 = h. Let x = h + 75. Suppose -x*i + 8 = -19*i. What is the units digit of i?
4
Let b = 109 + -105. What is the tens digit of 5 + -5 + 22 - b?
1
What is the thousands digit of 13278*(-4)/(-42) + (-42)/(-98)?
1
Let p be ((-100)/(-4) + -3)*1. Let b be 2 + p/(-4)*-2. Suppose -3*m